remainder when 28570 is divided by 15?
10
Calculate the remainder when 35819 is divided by 180.
179
Calculate the remainder when 14320 is divided by 424.
328
Calculate the remainder when 8741 is divided by 2468.
1337
Calculate the remainder when 16986 is divided by 18.
12
What is the remainder when 3002 is divided by 7?
6
Calculate the remainder when 567581 is divided by 23.
10
What is the remainder when 6344 is divided by 163?
150
What is the remainder when 290947 is divided by 293?
291
Calculate the remainder when 275011 is divided by 126.
79
Calculate the remainder when 8936 is divided by 96.
8
What is the remainder when 21365 is divided by 91?
71
What is the remainder when 7951 is divided by 2641?
28
What is the remainder when 17776 is divided by 5918?
22
Calculate the remainder when 14593 is divided by 429.
7
What is the remainder when 36 is divided by 24?
12
What is the remainder when 2411 is divided by 57?
17
What is the remainder when 6416 is divided by 34?
24
Calculate the remainder when 10283 is divided by 3387.
122
Calculate the remainder when 12325 is divided by 3803.
916
Calculate the remainder when 137980 is divided by 13.
11
Calculate the remainder when 812370 is divided by 1996.
1994
Calculate the remainder when 222 is divided by 40.
22
Calculate the remainder when 3192 is divided by 3.
0
What is the remainder when 7894 is divided by 658?
656
What is the remainder when 227 is divided by 60?
47
What is the remainder when 8708 is divided by 128?
4
Calculate the remainder when 1185406 is divided by 16.
14
What is the remainder when 1535812 is divided by 34?
32
Calculate the remainder when 2004 is divided by 1362.
642
What is the remainder when 863411 is divided by 1703?
1693
What is the remainder when 9440 is divided by 398?
286
Calculate the remainder when 527 is divided by 30.
17
What is the remainder when 435534 is divided by 513?
510
What is the remainder when 62213 is divided by 3?
2
What is the remainder when 11139 is divided by 1854?
15
What is the remainder when 6445 is divided by 107?
25
What is the remainder when 3057 is divided by 1008?
33
Calculate the remainder when 111775 is divided by 53.
51
What is the remainder when 81165 is divided by 517?
513
Calculate the remainder when 271701 is divided by 24.
21
What is the remainder when 25614 is divided by 46?
38
What is the remainder when 3744 is divided by 74?
44
Calculate the remainder when 296367 is divided by 88.
71
What is the remainder when 7362 is divided by 92?
2
What is the remainder when 74028 is divided by 127?
114
Calculate the remainder when 20013 is divided by 2001.
3
What is the remainder when 2194 is divided by 684?
142
Calculate the remainder when 16741 is divided by 57.
40
Calculate the remainder when 164811 is divided by 11.
9
What is the remainder when 80132 is divided by 63?
59
What is the remainder when 190837 is divided by 339?
319
Calculate the remainder when 410600 is divided by 987.
8
What is the remainder when 4148 is divided by 3909?
239
What is the remainder when 100262 is divided by 33418?
8
Calculate the remainder when 1130 is divided by 984.
146
Calculate the remainder when 12061 is divided by 104.
101
Calculate the remainder when 158997 is divided by 5678.
13
Calculate the remainder when 193211 is divided by 7.
4
What is the remainder when 9622 is divided by 1601?
16
Calculate the remainder when 37955 is divided by 34.
11
What is the remainder when 512435 is divided by 512430?
5
Calculate the remainder when 6564 is divided by 1619.
88
What is the remainder when 6143 is divided by 236?
7
What is the remainder when 3055 is divided by 45?
40
Calculate the remainder when 42198 is divided by 108.
78
What is the remainder when 13823 is divided by 16?
15
What is the remainder when 900 is divided by 630?
270
What is the remainder when 204824 is divided by 539?
4
What is the remainder when 1781769 is divided by 444?
441
What is the remainder when 21542 is divided by 7075?
317
What is the remainder when 441623 is divided by 439?
428
What is the remainder when 36106 is divided by 12031?
13
Calculate the remainder when 5158 is divided by 3675.
1483
What is the remainder when 1016849 is divided by 338947?
8
What is the remainder when 48753 is divided by 54?
45
What is the remainder when 210543 is divided by 10024?
39
Calculate the remainder when 30972 is divided by 62.
34
Calculate the remainder when 123331 is divided by 140.
131
What is the remainder when 7828 is divided by 98?
86
Calculate the remainder when 119872 is divided by 13318.
10
What is the remainder when 26745 is divided by 22?
15
What is the remainder when 414714 is divided by 1911?
27
Calculate the remainder when 10577 is divided by 36.
29
Calculate the remainder when 90373 is divided by 3.
1
Calculate the remainder when 133325 is divided by 22.
5
What is the remainder when 40017 is divided by 847?
208
Calculate the remainder when 1894 is divided by 1784.
110
Calculate the remainder when 520594 is divided by 130146.
10
Calculate the remainder when 52557 is divided by 496.
477
What is the remainder when 215 is divided by 24?
23
Calculate the remainder when 10566 is divided by 15.
6
What is the remainder when 66068 is divided by 1693?
41
What is the remainder when 1612544 is divided by 81?
77
Calculate the remainder when 520 is divided by 255.
10
What is the remainder when 46998 is divided by 26?
16
Calculate the remainder when 320688 is divided by 13362.
0
Calculate the remainder when 1371 is divided by 1073.
298
What is the remainder when 16232 is divided by 1976?
424
Calculate the remainder when 1249 is divided by 337.
238
Calculate the remainder when 8846 is divided by 1306.
1010
What is the remainder when 38586 is divided by 2410?
26
Calculate the remainder when 157374 is divided by 318.
282
What is the remainder when 3267 is divided by 1078?
33
Calculate the remainder when 16508 is divided by 79.
76
What is the remainder when 12889 is divided by 1068?
73
What is the remainder when 755 is divided by 21?
20
What is the remainder when 918 is divided by 458?
2
Calculate the remainder when 4009 is divided by 798.
19
Calculate the remainder when 14103 is divided by 389.
99
What is the remainder when 5591 is divided by 5369?
222
What is the remainder when 57 is divided by 5?
2
What is the remainder when 32580 is divided by 22?
20
Calculate the remainder when 221930 is divided by 41.
38
What is the remainder when 65 is divided by 24?
17
What is the remainder when 4643 is divided by 578?
19
Calculate the remainder when 89060 is divided by 34.
14
What is the remainder when 2525 is divided by 92?
41
What is the remainder when 772 is divided by 24?
4
What is the remainder when 267 is divided by 108?
51
What is the remainder when 16842 is divided by 72?
66
Calculate the remainder when 4776 is divided by 332.
128
Calculate the remainder when 27380 is divided by 6840.
20
Calculate the remainder when 2795 is divided by 330.
155
What is the remainder when 18864 is divided by 267?
174
What is the remainder when 272829 is divided by 112?
109
What is the remainder when 979 is divided by 109?
107
Calculate the remainder when 42297 is divided by 30.
27
What is the remainder when 101827 is divided by 101819?
8
Calculate the remainder when 40008 is divided by 2837.
290
What is the remainder when 1928 is divided by 28?
24
Calculate the remainder when 17846 is divided by 134.
24
Calculate the remainder when 3147 is divided by 3141.
6
What is the remainder when 136151 is divided by 62?
61
Calculate the remainder when 112 is divided by 101.
11
Calculate the remainder when 46776 is divided by 43.
35
Calculate the remainder when 13360 is divided by 334.
0
What is the remainder when 510443 is divided by 327?
323
Calculate the remainder when 57790 is divided by 980.
950
What is the remainder when 40364 is divided by 315?
44
Calculate the remainder when 6804 is divided by 3382.
40
Calculate the remainder when 705 is divided by 368.
337
Calculate the remainder when 15104 is divided by 22.
12
Calculate the remainder when 257199 is divided by 49.
47
Calculate the remainder when 354898 is divided by 455.
453
What is the remainder when 1138 is divided by 349?
91
What is the remainder when 435 is divided by 187?
61
Wh